 is the units digit of -2*(-4)/(-24)*f?
1
Let t(z) = -z**3 - 9*z**2 + 149*z + 2756. What is the hundreds digit of t(-22)?
7
Let i = -53 - -56. What is the hundreds digit of (-47)/6*-22 + i/(-9)?
1
Let q = 151 + -140. Let z = 158 - 103. Suppose -2*l + z = q. What is the units digit of l?
2
Let l(y) = -70*y + 5861. What is the units digit of l(-72)?
1
Suppose 0*i = 2*i - 4*x - 4048, 2*i - 4044 = 3*x. Suppose 5*o + 5*f - 2020 = 0, 32*o - 27*o + 3*f = i. What is the units digit of o?
2
Suppose -h = -6 + 3. Suppose z + 0*z = -2*o - 4, -h*o - 1 = 4*z. Suppose 0 = -0*n - 3*n - z*a + 694, -2*n + 470 = 5*a. What is the hundreds digit of n?
2
Let x(l) = 152*l**3 + 6*l**2 - 3*l - 2. Suppose 0 = 13*n - 4*n - 9. What is the units digit of x(n)?
3
Suppose 4*v - 6*v = 4*c - 14, 0 = 4*v + 2*c - 52. Let i(b) = -12*b - 3 + 27 + b + v*b**2 - b**3. What is the tens digit of i(14)?
6
Suppose -5052 = 14*q - 16*q. What is the thousands digit of q?
2
Suppose -3*q - 1478 = -2*n - 0*q, -3*q - 3704 = -5*n. What is the hundreds digit of (n - -4 - 2) + 7?
7
Let w(n) be the third derivative of -16/3*n**3 + 30*n**2 + 0*n + 0 - 1/8*n**4. What is the units digit of w(-14)?
0
Let r(u) = -2*u**2 - 7*u + 4. Suppose 4*m + 21 = m + d, -3*d + 9 = 0. Let k be r(m). Let v = 45 + k. What is the tens digit of v?
1
Let i(r) = 814*r**3 + r**2 - 2*r + 1. Let f be i(1). Suppose 0 = 12*k + f + 1082. Let l = k + 281. What is the units digit of l?
3
Let b(y) = y**2 + 9*y + 23. Let z be b(-4). What is the tens digit of (-659 - z)*(-2 + 0)?
2
Let i = 30165 - 17731. What is the ten thousands digit of i?
1
Let b = 112 - 141. Suppose q = 4*r - 12 - 60, -4*r + 3*q + 64 = 0. Let u = r - b. What is the units digit of u?
8
What is the thousands digit of ((-37728)/(-108))/((-1)/(-3))?
1
Let i(m) = m**3 + 34*m**2 + 34*m + 42. Let d be i(-33). Suppose 5*n = -5*z + 45, d*z - 11 = n + 6*z. What is the units digit of n?
4
Suppose m = -5 + 1, 5*d - 668 = -3*m. Suppose -d*c = -134*c - 484. What is the tens digit of c?
4
Suppose 0 = -103*q - 143*q + 4571910. What is the units digit of q?
5
What is the units digit of (33 - -844)*(1 + (-5 - -1))*-9?
9
Let g = -28411 + 47353. What is the thousands digit of g?
8
Let c(q) = 37*q - 11. Let b be 3 - ((-2)/(-5) - 42/105). Let g be c(b). Let r = -36 + g. What is the tens digit of r?
6
Let w = 85 + -85. What is the hundreds digit of w - 1 - ((-2635)/5 + -6)?
5
Suppose -145*s + 148*s - 2*r - 8680 = 0, -2*r = 5*s - 14488. What is the tens digit of s?
9
Let b(c) = -6*c + 44. Let k(r) = r**2 + 12*r + 7. Let z be k(-11). What is the units digit of b(z)?
8
Let p = 11638 + -9285. What is the thousands digit of p?
2
Let s(g) = g**3 - 20*g**2 - 17*g - 91. Let k be s(21). What is the units digit of k*(1944/(-14) - 0)?
2
Suppose -16 = -3*c + 104. Let p = 8440 + -3152. What is the tens digit of -7 + p/c + (-1)/5?
2
Let p(y) = -4*y**3 - 44*y**2 + 14*y - 36. What is the hundreds digit of p(-13)?
1
Let v = 314 - 311. Suppose v*s - 3135 = -2*m - 2*m, 2*s = -5*m + 2097. What is the hundreds digit of s?
0
Let p be (1 + 2)*7/((-14)/124). Let v = p + 264. Suppose 3*h + 27 = v. What is the units digit of h?
7
Let f be -1 + 3 - (1 + 1). Let r = 78 - 79. What is the tens digit of r/(1/(f + -49))?
4
Suppose 14*t - 15*t = -48. Suppose -26*b - 2332 = -t*b. What is the tens digit of b?
0
Let n(h) = 3631*h + 419. What is the thousands digit of n(2)?
7
Let u(v) = v**3 - v + 36. Let g be u(0). Let c = 92 + -92. What is the units digit of c - (31/(-2))/(9/g)?
2
Suppose -5*x + x = 3*o - 380, -x + 4*o + 114 = 0. What is the hundreds digit of (x/10 + (-3)/5)*40?
3
Let r(g) be the third derivative of g**5/60 - 5*g**4/8 - 133*g**3/6 + 111*g**2. What is the units digit of r(-21)?
3
Let f(q) = -764*q**2 - 21*q - 105. Let y be f(-4). What is the units digit of 3 - y/15 - (-8)/12?
0
Let l(o) = -18*o - 3*o**3 - 8*o**2 - 18 + 43 + 0*o**2 - 2*o**2. What is the thousands digit of l(-9)?
1
Let n(j) = j - 1. Let f(o) = o**2 + o + 4. Let a(z) = f(z) - 5*n(z). Let b be a(12). Let u = b + -32. What is the units digit of u?
3
Let k be (3 - 1096/72) + (-2)/(-9). What is the tens digit of 32/k + (-4016)/(-12)?
3
Suppose -l + 0*l + 5755 = 2059. What is the units digit of l?
6
Suppose 0 = 3*o + 2*q - 705, 3*o - 7*q - 705 = -2*q. Suppose -o = -x - 5*v, -3*x = x - 5*v - 1015. What is the units digit of x?
0
Suppose 0 = -4*o + 2*f - 34, 5*o + 37 = 2*f - 6. What is the units digit of o/24 + (-15215)/(-40)?
0
Suppose -26*d = -28*d - 8, -4*l = -2*d - 54540. What is the hundreds digit of l?
6
Suppose -345027 - 190465 = -111*r + 853007. What is the tens digit of r?
0
Suppose 3*a - 5 = l, -a = -4*l - 13 + 4. What is the thousands digit of (4*(-5155)/40)/(1/l)?
1
Let p be 69 - (-2 + 5 + -2). Let v = 296 - p. Suppose c - 3*c - 2*t = -v, 2*t + 8 = 0. What is the tens digit of c?
1
Suppose -18*p + 932 = -16*p. Suppose 0*a - 5*b = -a - 458, a - b = -p. What is the units digit of 4*(a/(-45))/(2/10)?
8
Let y = -53 - -59. Suppose -5*v = 2*i + 5 + 1, v + 2*i = -y. Suppose 3*m - 4*p = 74, v = -7*m + 2*m - 5*p + 170. What is the units digit of m?
0
Suppose -1833 = -10*t + 1067. Suppose 0 = 10*x - 1420 + t. What is the tens digit of x?
1
Let c be ((-3)/2)/((-10)/(900/27)). What is the hundreds digit of (309/c - (-33)/165)*10?
6
Suppose 5*q = -2*y - 132, -2*y - q - 185 = y. Let u be (y/(-3))/((-2)/(-6)). What is the units digit of (u - 0/(-1))*(4 + -3)?
1
Let b be 10/15 - (-1)/3. Let u(l) = -54*l**3 - 3*l**2 - 2*l. Let o(j) = j**3 - j**2 - 1. Let p(c) = 2*o(c) - u(c). What is the units digit of p(b)?
7
Let k = -496 - -496. Suppose k = 4*x + 12, -4*x + 3153 = 4*b + 769. What is the hundreds digit of b?
5
Suppose -2*m = -5*l - 34826, 4*m - 69652 = -48*l + 51*l. What is the units digit of m?
3
Suppose 6*v + 16 - 4 = 0. What is the tens digit of (38/(-76))/(v/308)?
7
Let q = 779 + -777. Suppose t - 2*h = 817 + 304, -q*t + h = -2239. What is the thousands digit of t?
1
Let c(o) = -40*o - 5. Suppose 7*x + 6*x = -78. Let w be c(x). Suppose 8*j + w = 13*j. What is the tens digit of j?
4
Let m = 16 + -173. Let d = 429 + m. What is the units digit of d?
2
Let c(p) = -p**3 - 99*p**2 + 201*p + 272. What is the units digit of c(-101)?
3
Let b(k) = k - 11. Let c be b(18). Let f = c + 8. What is the units digit of 12/20 - (-1626)/f?
9
Let l(j) = j**3 + 14*j**2 - j - 12. Let b be l(-14). Suppose -3*m - w = -683, -b*m - 7*w + 464 = -2*w. What is the hundreds digit of m?
2
Let t = -60 - -62. Let c be (20 - 17) + 2/t + -1. What is the units digit of 10/(0 - c/(-30))?
0
Let s = 3256 - 2853. Let g = -125 - 38. Let l = g + s. What is the units digit of l?
0
Let a = -22 + 9. Let u(v) = v**3 + 12*v**2 - 2*v + 6. Let x be u(a). What is the tens digit of 4 + (-2)/(2/x)?
4
Suppose 55124 = 16*k - 76572. What is the units digit of k?
1
Let w be -4 + -5 + 210/15. Suppose -3238 = -w*g + 1642. What is the hundreds digit of g?
9
Let m = 11717 + -8678. What is the thousands digit of m?
3
Suppose -2*k + 35 - 7 = -5*b, 4*b + 16 = 0. Suppose 0 = 2*q - o - 992, k*o + 1493 = 2*q + q. What is the units digit of q?
5
Suppose 0 = 4*q + 5*d, -q + 5*d = 3*q - 40. Suppose 0 = 3*z - b + 3, 4*z - 7*z - q*b + 15 = 0. Suppose z = 2*t + 15 - 87. What is the units digit of t?
6
Let t = -79611 - -113417. What is the thousands digit of t?
3
Let l(i) = 33*i + 85. Let r be l(7). Let d = 1394 - r. What is the units digit of d?
8
Suppose u - 61 = -3*u - h, 2*u - 4*h = 8. Suppose 3*t - 495 = -4*r, 15*r = u*r - 5*t + 111. What is the units digit of r?
6
Let l(h) = h**3 + 12*h**2 - 32*h - 2. Let a = -29 - -86. Suppose 3*w + a = 7*d - 2*d, d = w + 17. What is the units digit of l(w)?
4
Suppose 8*s - 9*s + 9*s = 11664. What is the thousands digit of s?
1
Let d(x) = 1017*x**2 + 70*x - 13. What is the units digit of d(-3)?
0
Suppose -y - 1089 = -93. Let b = 671 + y. What is the units digit of (-466)/(-13) + (-50)/b?
6
Let g be (10/(-7))/((-25)/3850). Suppose g = -11*w + 2442. What is the units digit of w?
2
Let y(o) = o**3 - 67*o**2 + 206*o + 594. What is the hundreds digit of y(73)?
6
Suppose -2*a + 3*a - 608 = 0. Suppose 2*m = 18*m + 3*m - 95. Suppose -4*n + 4*h + 492 = -a, 4*h - 1366 = -m*n. What is the hundreds digit of n?
2
Suppose b + 243 = a, -3*a - 248 = b - 21. Let u = -111 - b. What is the un